{"id":1180,"date":"2023-04-27T16:26:27","date_gmt":"2023-04-27T16:26:27","guid":{"rendered":"https:\/\/being-initiative.org\/?post_type=staff_member&#038;p=1180"},"modified":"2023-05-16T18:31:12","modified_gmt":"2023-05-16T18:31:12","slug":"charlene-sunkel","status":"publish","type":"staff_member","link":"https:\/\/being-initiative.org\/fr\/staff\/charlene-sunkel\/","title":{"rendered":"Charlene Sunkel"},"content":{"rendered":"<p>Charlene Sunkel est fondatrice et chef de la direction du <a href=\"http:\/\/www.gmhpn.org\/\">Global Mental Health Peer Network<\/a>. Elle est une d\u00e9fenseure de la sant\u00e9 mentale dans le monde et des droits de la personne avec une exp\u00e9rience v\u00e9cue de la schizophr\u00e9nie. Elle a publi\u00e9 des articles au niveau international sur des questions li\u00e9es \u00e0 la sant\u00e9 mentale et aux droits de la personne, \u00e0 la stigmatisation et aux besoins des personnes atteintes de maladie mentale dans les pays \u00e0 revenu faible ou interm\u00e9diaire. Elle a co-pr\u00e9sid\u00e9 la Commission du Lancet sur l\u2019\u00e9limination de la stigmatisation et de la discrimination en sant\u00e9 mentale et a si\u00e9g\u00e9 au sein d\u2019autres commissions du Lancet li\u00e9es \u00e0 la sant\u00e9 mentale. Mme Sunkel a fourni une aide technique \u00e0 la production de politiques, de rapports et de documents nationaux et internationaux sur la sant\u00e9 mentale. Elle si\u00e8ge \u00e0 divers conseils et comit\u00e9s internationaux et a re\u00e7u des prix nationaux et internationaux pour son travail.&nbsp;<\/p>","protected":false},"excerpt":{"rendered":"<p>Charlene Sunkel is the Founder\/ CEO of the Global Mental Health Peer Network. She\u2019s a global mental health and human rights advocate with lived experience of schizophrenia. She is published internationally on mental health and human rights issues, stigma, and the needs of people with mental illness in low- and middle-income countries. She co-chaired the [&hellip;]<\/p>\n","protected":false},"author":2,"featured_media":1182,"template":"","staff_member_category":[19],"class_list":{"0":"post-1180","1":"staff_member","2":"type-staff_member","3":"status-publish","4":"has-post-thumbnail","6":"staff_member_category-council","7":"entry"},"acf":[],"yoast_head":"<!-- This site is optimized with the Yoast SEO Premium plugin v27.1 (Yoast SEO v27.1.1) - https:\/\/yoast.com\/product\/yoast-seo-premium-wordpress\/ -->\n<title>Charlene Sunkel - Being | Grand Challenges Canada<\/title>\n<meta name=\"robots\" content=\"index, follow, max-snippet:-1, max-image-preview:large, max-video-preview:-1\" \/>\n<link rel=\"canonical\" href=\"https:\/\/being-initiative.org\/fr\/staff\/charlene-sunkel\/\" \/>\n<meta property=\"og:locale\" content=\"fr_CA\" \/>\n<meta property=\"og:type\" content=\"article\" \/>\n<meta property=\"og:title\" content=\"Charlene Sunkel\" \/>\n<meta property=\"og:description\" content=\"Charlene Sunkel is the Founder\/ CEO of the Global Mental Health Peer Network. She\u2019s a global mental health and human rights advocate with lived experience of schizophrenia. She is published internationally on mental health and human rights issues, stigma, and the needs of people with mental illness in low- and middle-income countries. She co-chaired the [&hellip;]\" \/>\n<meta property=\"og:url\" content=\"https:\/\/being-initiative.org\/fr\/staff\/charlene-sunkel\/\" \/>\n<meta property=\"og:site_name\" content=\"Being | Grand Challenges Canada\" \/>\n<meta property=\"article:publisher\" content=\"https:\/\/www.facebook.com\/thebeinginitiative\" \/>\n<meta property=\"article:modified_time\" content=\"2023-05-16T18:31:12+00:00\" \/>\n<meta property=\"og:image\" content=\"https:\/\/being-initiative.org\/wp-content\/uploads\/2023\/04\/Charlene-Sunkel-1-scaled.jpg\" \/>\n\t<meta property=\"og:image:width\" content=\"1770\" \/>\n\t<meta property=\"og:image:height\" content=\"2560\" \/>\n\t<meta property=\"og:image:type\" content=\"image\/jpeg\" \/>\n<meta name=\"twitter:card\" content=\"summary_large_image\" \/>\n<meta name=\"twitter:site\" content=\"@beinginitiative\" \/>\n<script type=\"application\/ld+json\" class=\"yoast-schema-graph\">{\"@context\":\"https:\/\/schema.org\",\"@graph\":[{\"@type\":\"WebPage\",\"@id\":\"https:\/\/being-initiative.org\/staff\/charlene-sunkel\/\",\"url\":\"https:\/\/being-initiative.org\/staff\/charlene-sunkel\/\",\"name\":\"Charlene Sunkel - Being | Grand Challenges Canada\",\"isPartOf\":{\"@id\":\"https:\/\/being-initiative.org\/#website\"},\"primaryImageOfPage\":{\"@id\":\"https:\/\/being-initiative.org\/staff\/charlene-sunkel\/#primaryimage\"},\"image\":{\"@id\":\"https:\/\/being-initiative.org\/staff\/charlene-sunkel\/#primaryimage\"},\"thumbnailUrl\":\"https:\/\/being-initiative.org\/wp-content\/uploads\/2023\/04\/Charlene-Sunkel-1-scaled.jpg\",\"datePublished\":\"2023-04-27T16:26:27+00:00\",\"dateModified\":\"2023-05-16T18:31:12+00:00\",\"breadcrumb\":{\"@id\":\"https:\/\/being-initiative.org\/staff\/charlene-sunkel\/#breadcrumb\"},\"inLanguage\":\"fr-CA\",\"potentialAction\":[{\"@type\":\"ReadAction\",\"target\":[\"https:\/\/being-initiative.org\/staff\/charlene-sunkel\/\"]}]},{\"@type\":\"ImageObject\",\"inLanguage\":\"fr-CA\",\"@id\":\"https:\/\/being-initiative.org\/staff\/charlene-sunkel\/#primaryimage\",\"url\":\"https:\/\/being-initiative.org\/wp-content\/uploads\/2023\/04\/Charlene-Sunkel-1-scaled.jpg\",\"contentUrl\":\"https:\/\/being-initiative.org\/wp-content\/uploads\/2023\/04\/Charlene-Sunkel-1-scaled.jpg\",\"width\":1770,\"height\":2560,\"caption\":\"Headshot\"},{\"@type\":\"BreadcrumbList\",\"@id\":\"https:\/\/being-initiative.org\/staff\/charlene-sunkel\/#breadcrumb\",\"itemListElement\":[{\"@type\":\"ListItem\",\"position\":1,\"name\":\"Home\",\"item\":\"https:\/\/being-initiative.org\/\"},{\"@type\":\"ListItem\",\"position\":2,\"name\":\"Staff\",\"item\":\"https:\/\/being-initiative.org\/staff\/\"},{\"@type\":\"ListItem\",\"position\":3,\"name\":\"Charlene Sunkel\"}]},{\"@type\":\"WebSite\",\"@id\":\"https:\/\/being-initiative.org\/#website\",\"url\":\"https:\/\/being-initiative.org\/\",\"name\":\"Being Initiative\",\"description\":\"Innovating for young people\u2019s wellbeing\",\"publisher\":{\"@id\":\"https:\/\/being-initiative.org\/#organization\"},\"potentialAction\":[{\"@type\":\"SearchAction\",\"target\":{\"@type\":\"EntryPoint\",\"urlTemplate\":\"https:\/\/being-initiative.org\/?s={search_term_string}\"},\"query-input\":{\"@type\":\"PropertyValueSpecification\",\"valueRequired\":true,\"valueName\":\"search_term_string\"}}],\"inLanguage\":\"fr-CA\"},{\"@type\":\"Organization\",\"@id\":\"https:\/\/being-initiative.org\/#organization\",\"name\":\"Being Initiative\",\"url\":\"https:\/\/being-initiative.org\/\",\"logo\":{\"@type\":\"ImageObject\",\"inLanguage\":\"fr-CA\",\"@id\":\"https:\/\/being-initiative.org\/#\/schema\/logo\/image\/\",\"url\":\"https:\/\/being-initiative.org\/wp-content\/uploads\/2023\/03\/being-logo.png\",\"contentUrl\":\"https:\/\/being-initiative.org\/wp-content\/uploads\/2023\/03\/being-logo.png\",\"width\":440,\"height\":136,\"caption\":\"Being Initiative\"},\"image\":{\"@id\":\"https:\/\/being-initiative.org\/#\/schema\/logo\/image\/\"},\"sameAs\":[\"https:\/\/www.facebook.com\/thebeinginitiative\",\"https:\/\/x.com\/beinginitiative\",\"https:\/\/www.linkedin.com\/company\/beinginitiative\/\",\"https:\/\/www.instagram.com\/beinginitiative\/\"]}]}<\/script>\n<!-- \/ Yoast SEO Premium plugin. -->","yoast_head_json":{"title":"Charlene Sunkel - Being | Grand Challenges Canada","robots":{"index":"index","follow":"follow","max-snippet":"max-snippet:-1","max-image-preview":"max-image-preview:large","max-video-preview":"max-video-preview:-1"},"canonical":"https:\/\/being-initiative.org\/fr\/staff\/charlene-sunkel\/","og_locale":"fr_CA","og_type":"article","og_title":"Charlene Sunkel","og_description":"Charlene Sunkel is the Founder\/ CEO of the Global Mental Health Peer Network. She\u2019s a global mental health and human rights advocate with lived experience of schizophrenia. She is published internationally on mental health and human rights issues, stigma, and the needs of people with mental illness in low- and middle-income countries. She co-chaired the [&hellip;]","og_url":"https:\/\/being-initiative.org\/fr\/staff\/charlene-sunkel\/","og_site_name":"Being | Grand Challenges Canada","article_publisher":"https:\/\/www.facebook.com\/thebeinginitiative","article_modified_time":"2023-05-16T18:31:12+00:00","og_image":[{"width":1770,"height":2560,"url":"https:\/\/being-initiative.org\/wp-content\/uploads\/2023\/04\/Charlene-Sunkel-1-scaled.jpg","type":"image\/jpeg"}],"twitter_card":"summary_large_image","twitter_site":"@beinginitiative","schema":{"@context":"https:\/\/schema.org","@graph":[{"@type":"WebPage","@id":"https:\/\/being-initiative.org\/staff\/charlene-sunkel\/","url":"https:\/\/being-initiative.org\/staff\/charlene-sunkel\/","name":"Charlene Sunkel - Being | Grand Challenges Canada","isPartOf":{"@id":"https:\/\/being-initiative.org\/#website"},"primaryImageOfPage":{"@id":"https:\/\/being-initiative.org\/staff\/charlene-sunkel\/#primaryimage"},"image":{"@id":"https:\/\/being-initiative.org\/staff\/charlene-sunkel\/#primaryimage"},"thumbnailUrl":"https:\/\/being-initiative.org\/wp-content\/uploads\/2023\/04\/Charlene-Sunkel-1-scaled.jpg","datePublished":"2023-04-27T16:26:27+00:00","dateModified":"2023-05-16T18:31:12+00:00","breadcrumb":{"@id":"https:\/\/being-initiative.org\/staff\/charlene-sunkel\/#breadcrumb"},"inLanguage":"fr-CA","potentialAction":[{"@type":"ReadAction","target":["https:\/\/being-initiative.org\/staff\/charlene-sunkel\/"]}]},{"@type":"ImageObject","inLanguage":"fr-CA","@id":"https:\/\/being-initiative.org\/staff\/charlene-sunkel\/#primaryimage","url":"https:\/\/being-initiative.org\/wp-content\/uploads\/2023\/04\/Charlene-Sunkel-1-scaled.jpg","contentUrl":"https:\/\/being-initiative.org\/wp-content\/uploads\/2023\/04\/Charlene-Sunkel-1-scaled.jpg","width":1770,"height":2560,"caption":"Headshot"},{"@type":"BreadcrumbList","@id":"https:\/\/being-initiative.org\/staff\/charlene-sunkel\/#breadcrumb","itemListElement":[{"@type":"ListItem","position":1,"name":"Home","item":"https:\/\/being-initiative.org\/"},{"@type":"ListItem","position":2,"name":"Staff","item":"https:\/\/being-initiative.org\/staff\/"},{"@type":"ListItem","position":3,"name":"Charlene Sunkel"}]},{"@type":"WebSite","@id":"https:\/\/being-initiative.org\/#website","url":"https:\/\/being-initiative.org\/","name":"Being Initiative","description":"Innover pour le bien-\u00eatre des jeunes","publisher":{"@id":"https:\/\/being-initiative.org\/#organization"},"potentialAction":[{"@type":"SearchAction","target":{"@type":"EntryPoint","urlTemplate":"https:\/\/being-initiative.org\/?s={search_term_string}"},"query-input":{"@type":"PropertyValueSpecification","valueRequired":true,"valueName":"search_term_string"}}],"inLanguage":"fr-CA"},{"@type":"Organization","@id":"https:\/\/being-initiative.org\/#organization","name":"Being Initiative","url":"https:\/\/being-initiative.org\/","logo":{"@type":"ImageObject","inLanguage":"fr-CA","@id":"https:\/\/being-initiative.org\/#\/schema\/logo\/image\/","url":"https:\/\/being-initiative.org\/wp-content\/uploads\/2023\/03\/being-logo.png","contentUrl":"https:\/\/being-initiative.org\/wp-content\/uploads\/2023\/03\/being-logo.png","width":440,"height":136,"caption":"Being Initiative"},"image":{"@id":"https:\/\/being-initiative.org\/#\/schema\/logo\/image\/"},"sameAs":["https:\/\/www.facebook.com\/thebeinginitiative","https:\/\/x.com\/beinginitiative","https:\/\/www.linkedin.com\/company\/beinginitiative\/","https:\/\/www.instagram.com\/beinginitiative\/"]}]}},"_links":{"self":[{"href":"https:\/\/being-initiative.org\/fr\/wp-json\/wp\/v2\/staff_member\/1180","targetHints":{"allow":["GET"]}}],"collection":[{"href":"https:\/\/being-initiative.org\/fr\/wp-json\/wp\/v2\/staff_member"}],"about":[{"href":"https:\/\/being-initiative.org\/fr\/wp-json\/wp\/v2\/types\/staff_member"}],"author":[{"embeddable":true,"href":"https:\/\/being-initiative.org\/fr\/wp-json\/wp\/v2\/users\/2"}],"wp:featuredmedia":[{"embeddable":true,"href":"https:\/\/being-initiative.org\/fr\/wp-json\/wp\/v2\/media\/1182"}],"wp:attachment":[{"href":"https:\/\/being-initiative.org\/fr\/wp-json\/wp\/v2\/media?parent=1180"}],"wp:term":[{"taxonomy":"staff_member_category","embeddable":true,"href":"https:\/\/being-initiative.org\/fr\/wp-json\/wp\/v2\/staff_member_category?post=1180"}],"curies":[{"name":"wp","href":"https:\/\/api.w.org\/{rel}","templated":true}]}}

<p>Charlene Sunkel est fondatrice et chef de la direction du <a href="http://www.gmhpn.org/">Global Mental Health Peer Network</a>. Elle est une défenseure de la santé mentale dans le monde et des droits de la personne avec une expérience vécue de la schizophrénie. Elle a publié des articles au niveau international sur des questions liées à la santé mentale et aux droits de la personne, à la stigmatisation et aux besoins des personnes atteintes de maladie mentale dans les pays à revenu faible ou intermédiaire. Elle a co-présidé la Commission du Lancet sur l’élimination de la stigmatisation et de la discrimination en santé mentale et a siégé au sein d’autres commissions du Lancet liées à la santé mentale. Mme Sunkel a fourni une aide technique à la production de politiques, de rapports et de documents nationaux et internationaux sur la santé mentale. Elle siège à divers conseils et comités internationaux et a reçu des prix nationaux et internationaux pour son travail.&nbsp;</p>

Innover pour le bien-être des jeunes
